 -49. Suppose -x*k = -2*h - 21 - 33, 2*h = 3*k - 84. What are the prime factors of k?
2, 3, 5
Let z = -17 - -59. Let b = -38 + z. Suppose 8 = b*f, s - f = -5*f + 40. What are the prime factors of s?
2
Suppose 5*b = -k + 16648, 164*b = 168*b - 8. List the prime factors of k.
2, 3, 47, 59
Let m(z) = 145*z**2 - 39*z + 87. What are the prime factors of m(5)?
3517
Let n be (-66)/10*(-55)/11. Suppose -n*c + 294 = -30*c. List the prime factors of c.
2, 7
Let c = 142987 + -93448. List the prime factors of c.
3, 7, 337
Let i = 11311 + 937. What are the prime factors of i?
2, 1531
Let d be -2 + (24 - 3)/3. Suppose -100 = -4*s - d*w + 1637, -w + 1311 = 3*s. What are the prime factors of s?
2, 3, 73
Suppose 159*z + 33500 = 161*z. List the prime factors of z.
2, 5, 67
Suppose -23*a + 3156 + 872 = -1308. Suppose 5*z - 2*d = -5*d + 4, -6 = -4*z - d. Suppose z*n - a = -88. List the prime factors of n.
2, 3
Let q(s) = -1. Let k(t) = 3*t**3 + 5*t**2 - t + 15. Let p(f) = k(f) - 5*q(f). List the prime factors of p(8).
2, 467
Let r = -14 - -14. Let b = -18 + 18. List the prime factors of (-19)/(r + (b/(-1) - 1)).
19
Suppose 19137 = k + 3*r, 0 = -2*k - 2*k - 4*r + 76532. What are the prime factors of k?
3, 7, 911
Suppose 4*c + 6*w - 2*w = 5548, -5*c + 6927 = w. Suppose 6493 + c = 13*n. What are the prime factors of n?
2, 3, 101
Let r = 107 + -107. Suppose -2*q = 2*a - 746, a - 6*q + 2*q - 393 = r. What are the prime factors of a?
13, 29
List the prime factors of ((-11)/((-550)/(-70))*33)/((-1)/340).
2, 3, 7, 11, 17
Let z(u) = 87*u**2 - 2*u + 1. Let d = -42 + 33. Let j(f) = -4*f - 35. Let q be j(d). List the prime factors of z(q).
2, 43
Let t(y) be the second derivative of -3*y**5/20 - y**4/4 + 8*y**3/3 + 8*y**2 - 8*y. Let k be t(-6). Suppose -7*z + 2*z + k = 0. What are the prime factors of z?
2, 23
Let m(w) = -1622*w + 568. List the prime factors of m(-14).
2, 11, 23
What are the prime factors of 15 - (-368)/(-32) - 77198/(-4)?
97, 199
Let j(v) be the second derivative of -752*v**3/3 + 19*v**2 + 2*v + 12. What are the prime factors of j(-1)?
2, 3, 257
Suppose -5*i - 2*u + 258 = -0*u, -3*u + 62 = i. Suppose -2*s + i = -28. Suppose y + 75 = 2*j, -j + y - s = -2*j. List the prime factors of j.
2, 19
Suppose 0 = 9*w - 12*w + 27. Let p(k) = -9*k - 19. Let d(u) = -27*u - 58. Let q(n) = -3*d(n) + 8*p(n). What are the prime factors of q(w)?
103
Suppose 6*f - 8 = 4*f. Suppose 99 = -4*r - o + f*o, 48 = -2*r + 2*o. What are the prime factors of (-2 + r)/((-20)/8 - -2)?
2, 29
Let u be 94/14 + (-22)/(-77). Let b(n) = -n**3 - 3*n + 9*n - 9*n - 15 + 21*n**2 + u*n. What are the prime factors of b(21)?
3, 23
Let s(h) = 3*h**3 - 23*h**2 + h - 8. Let l be s(8). List the prime factors of ((-426)/(-4))/(32/l).
3, 71
Suppose 19*y = 20*y - 12. Suppose -s - 3*q - 6 = -q, -y = -5*s + 4*q. Suppose 5*v - 2*z - z - 388 = s, 5*z + 60 = v. What are the prime factors of v?
2, 5
Suppose x = -3*u + 79, 0 = 5*u - 2*u + 2*x - 80. Suppose u*z - 9420 = 14578. List the prime factors of z.
13, 71
Suppose 0 = -225*p + 291*p - 407418. What are the prime factors of p?
6173
What are the prime factors of 52/104*(19 - 0)*1396?
2, 19, 349
Let s = -98 - -189. Suppose v + 2*v + 4*f = 6, 3*v - 30 = 4*f. Suppose v*a - 5*a - s = 0. List the prime factors of a.
7, 13
Suppose -5*h + 4*r = -0*r - 65, -4*h = -5*r - 61. Let u(i) = 78*i + 59. What are the prime factors of u(h)?
761
Let g(j) = j**3 + 34*j**2 - 2*j - 36. Let w be g(-34). Suppose 0 = -w*o + 9*o + 17480. What are the prime factors of o?
2, 5, 19
Let t be (76/(-20) + 3)/((-3)/(-15)). List the prime factors of t + 1863 - ((-6)/1)/(-1).
17, 109
Let n(x) = x**3 + 16*x**2 - 18*x + 15. Let j be n(-17). Suppose 24 + j = -4*f. What are the prime factors of (-2060)/f - 6/42?
3, 7
Let q(k) = 4*k**2 - 29*k - 3. Let z = -190 - -203. List the prime factors of q(z).
2, 37
Suppose 0 = 4*y + 5*f - 90, -y + 4*f = -19 + 7. Suppose -i - y = -5*i. What are the prime factors of (1528/(-20))/((-2)/i)?
191
Let i be 18 - ((-8)/(-2) - 5). Suppose -28*n + i*n + 4140 = 0. List the prime factors of n.
2, 5, 23
Let f(z) = -53*z - 4. Let x be f(1). Let o = -47 - x. Suppose 0 = -o*l + 204 + 6. List the prime factors of l.
3, 7
Let b = 10499 + 1109. List the prime factors of b.
2, 1451
Suppose 1 = 11*v - 76. Suppose -u - v = 2. List the prime factors of 233/2 + 5 + u/2.
3, 13
Suppose 3*p - 5*c = 57, -p - 27 = -4*p - 5*c. Suppose p*w = 20*w - 8370. What are the prime factors of w?
3, 5, 31
Let k = 148 - 127. Let z = 44 - k. What are the prime factors of z?
23
Suppose 7*p - 12 = 3*p. Suppose p*i - 532 = -i. Let y = 202 - i. List the prime factors of y.
3, 23
Let q(h) = 3*h**3 - 6*h**2 + 8*h - 2. Suppose 0 = w - 5*j + 12, -2*j = -3*w + 3*j - 16. Let i = 2 - w. What are the prime factors of q(i)?
2, 3, 7
Let k(s) = 2*s + 85. Let m be k(-20). Suppose 4442 + 3523 = m*w. List the prime factors of w.
3, 59
Let n(d) = -11*d**2 - 21. Let a(w) = -2*w**2 - w + 1. Let m(y) = 5*a(y) - n(y). What are the prime factors of m(5)?
2, 13
Let b = 87031 + -43181. List the prime factors of b.
2, 5, 877
Let b be ((-9)/(-15) - -2) + 12/(-20). Suppose 0 = b*z - 5*z + 15. Suppose 3*d + 4*p - 258 = 0, d - 91 = 2*p - z*p. What are the prime factors of d?
2, 41
What are the prime factors of 9672 - 2*(-1 + (2 - 0))?
2, 5, 967
Let r(c) = 8*c + 4. Let d be r(-7). Let a = d - -55. Suppose -a*p + 202 - 34 = 0. List the prime factors of p.
2, 7
Let d = 22 + 157. Suppose -d + 866 = 3*o. What are the prime factors of o?
229
Let w(q) = 620*q**2 + q - 1. Suppose 96*f = 99*f + 3. List the prime factors of w(f).
2, 3, 103
Let v(g) = 16*g**2 + 20*g + 55. List the prime factors of v(25).
5, 2111
Let o(h) = h**3 + 30*h**2 - 47*h - 55. Suppose -39*n - 279 = -30*n. What are the prime factors of o(n)?
3, 7
Let p(l) = l**3 + 15*l**2 - 5*l - 63. Let q be (-6)/(-51) - (-1338)/(-102)*1. What are the prime factors of p(q)?
2, 5, 17
Suppose 33*t - 17*t - 2992 = 0. Suppose -2*b + t = -b. List the prime factors of b.
11, 17
Let w be (-1)/2*(-5 - -3). Let h be 2/2*w + -1 + 0. Suppose h = a - 2, -2*l + 0*a = 3*a - 168. What are the prime factors of l?
3
Suppose -205*w + 817535 = -90*w. What are the prime factors of w?
7109
Suppose 8*q = 3*q - 30. Let k be q/(-12) + -6 - (-2)/(-4). List the prime factors of (((-40)/3)/5 - 3)*k.
2, 17
Let h = -43 + 35. Let u(g) = g**2 + 5*g - 7. Let c be u(h). Let t(x) = 7*x - 20. What are the prime factors of t(c)?
3, 11
Let s be -4 + (-16)/8 + 2970. Suppose -16*b + 22948 = s. What are the prime factors of b?
1249
Suppose -254*j = -3965817 - 12412865. What are the prime factors of j?
64483
Suppose -44*i + 49*i + 54084 = 2*t, 2*i = t - 27046. List the prime factors of t.
2, 7, 1933
Let l(n) = -3*n**3 - 11*n - 2*n - 52 - 2*n**2 - 6*n**2 + 3*n**2. What are the prime factors of l(-8)?
2, 317
Suppose 2809 = 7*z - 60485. What are the prime factors of z?
2, 3, 11, 137
Let l = 859 + -259. Suppose 140 = v + 4*n, -2*v + 4*n + l = 2*v. What are the prime factors of v?
2, 37
Let i be -8 + 1 + 1 - 1. Let l be (-15)/(-4) - (-4)/10*(-365)/(-584). List the prime factors of -5*((0 - l) + i).
5, 11
Suppose 9 = 3*p - 0. Suppose 5*n = 4*b + 9, -3 = 2*n + p*b - 25. Let u = n - -27. What are the prime factors of u?
2
Let a be 2/11 - (-1 + (-78)/(-66)). Suppose a = -2*i + 3*i + 150. Let c = -37 - i. List the prime factors of c.
113
What are the prime factors of (34*(-2)/10 - -10)/((-2)/(-6740))?
2, 337
Suppose 9*j + 2*j - 298944 = -13*j. List the prime factors of j.
2, 3, 173
Let l(j) = 36481*j + 536. What are the prime factors of l(1)?
3, 457
Let g(n) = 19*n**2 + n + 3354. What are the prime factors of g(48)?
2, 3, 2621
Suppose 4*y - 36169 = -3*a, 5*y - 15729 = a + 29487. List the prime factors of y.
9043
Suppose 539*t - 123134 = 528*t. List the prime factors of t.
2, 29, 193
Suppose 3*j - g - 12577 = j, 0 = j + 3*g - 6299. What are the prime factors of j?
2, 5, 17, 37
Let y = 45026 - 17865. List the prime factors of y.
157, 173
Let f(x) = 4*x - 2 - x - 3 - 6. Let z be f(9). Suppose 2*s + 4*c - 56 = z, 2*c - 2 = 0. What are the prime factors of s?
2, 17
Let i(m) = -6*m**2 + 10*m**2 + 26 - 2*m**2 + m**2 + 8*m + m**2. What are the prime factors of i(11)?
2, 13, 23
Let b = 20952 + 41606. What are the prime factors of b?
2, 31, 1009
